175.
5, 967
What are the prime factors of 44094?
2, 3, 7349
List the prime factors of 20533.
20533
List the prime factors of 1070.
2, 5, 107
List the prime factors of 142.
2, 71
What are the prime factors of 2345?
5, 7, 67
What are the prime factors of 49750?
2, 5, 199
What are the prime factors of 401?
401
List the prime factors of 858.
2, 3, 11, 13
List the prime factors of 3952.
2, 13, 19
What are the prime factors of 84679?
7, 12097
What are the prime factors of 20524?
2, 7, 733
List the prime factors of 26260.
2, 5, 13, 101
List the prime factors of 586.
2, 293
What are the prime factors of 3411?
3, 379
What are the prime factors of 22914?
2, 3, 19, 67
List the prime factors of 70328.
2, 59, 149
List the prime factors of 49086.
2, 3, 101
What are the prime factors of 89988?
2, 3, 7499
List the prime factors of 16972.
2, 4243
List the prime factors of 65636.
2, 61, 269
What are the prime factors of 156943?
156943
List the prime factors of 89453.
7, 13, 983
List the prime factors of 135956.
2, 41, 829
List the prime factors of 291.
3, 97
What are the prime factors of 1682?
2, 29
What are the prime factors of 27?
3
List the prime factors of 67638.
2, 3, 11273
What are the prime factors of 2908?
2, 727
List the prime factors of 6599.
6599
What are the prime factors of 8307?
3, 13, 71
List the prime factors of 32003.
32003
What are the prime factors of 77175?
3, 5, 7
List the prime factors of 8422.
2, 4211
List the prime factors of 93646.
2, 7, 6689
List the prime factors of 1084.
2, 271
List the prime factors of 13211.
11, 1201
What are the prime factors of 170?
2, 5, 17
List the prime factors of 64779.
3, 11, 13, 151
What are the prime factors of 1053?
3, 13
What are the prime factors of 1351?
7, 193
What are the prime factors of 43032?
2, 3, 11, 163
What are the prime factors of 288?
2, 3
What are the prime factors of 1071?
3, 7, 17
What are the prime factors of 29583?
3, 19, 173
What are the prime factors of 60572?
2, 19, 797
What are the prime factors of 3291?
3, 1097
What are the prime factors of 16714?
2, 61, 137
List the prime factors of 1683.
3, 11, 17
List the prime factors of 2777.
2777
List the prime factors of 1100.
2, 5, 11
What are the prime factors of 6389?
6389
List the prime factors of 31639.
29, 1091
List the prime factors of 10169.
10169
List the prime factors of 82.
2, 41
What are the prime factors of 46939?
73, 643
What are the prime factors of 14283?
3, 23
What are the prime factors of 11162?
2, 5581
What are the prime factors of 27023?
61, 443
List the prime factors of 71926.
2, 35963
List the prime factors of 2617.
2617
What are the prime factors of 7797?
3, 23, 113
List the prime factors of 409.
409
List the prime factors of 14368.
2, 449
List the prime factors of 110.
2, 5, 11
List the prime factors of 60474.
2, 3, 10079
What are the prime factors of 87558?
2, 3, 14593
List the prime factors of 3785.
5, 757
List the prime factors of 3038.
2, 7, 31
What are the prime factors of 60213?
3, 20071
What are the prime factors of 17625?
3, 5, 47
What are the prime factors of 146575?
5, 11, 13, 41
What are the prime factors of 11341?
11, 1031
What are the prime factors of 992?
2, 31
What are the prime factors of 2306?
2, 1153
List the prime factors of 186570.
2, 3, 5, 691
List the prime factors of 74232.
2, 3, 1031
List the prime factors of 11146.
2, 5573
What are the prime factors of 516?
2, 3, 43
What are the prime factors of 33269?
17, 19, 103
List the prime factors of 227.
227
List the prime factors of 9079.
7, 1297
What are the prime factors of 19729?
109, 181
What are the prime factors of 38342?
2, 19, 1009
List the prime factors of 1521.
3, 13
What are the prime factors of 52?
2, 13
What are the prime factors of 69093?
3, 853
What are the prime factors of 19428?
2, 3, 1619
List the prime factors of 4453.
61, 73
List the prime factors of 1764.
2, 3, 7
What are the prime factors of 11308?
2, 11, 257
What are the prime factors of 33373?
23, 1451
List the prime factors of 1589.
7, 227
List the prime factors of 5896.
2, 11, 67
What are the prime factors of 30067?
107, 281
What are the prime factors of 3107?
13, 239
What are the prime factors of 17807?
17807
List the prime factors of 6503.
7, 929
What are the prime factors of 545?
5, 109
What are the prime factors of 38?
2, 19
List the prime factors of 7696.
2, 13, 37
List the prime factors of 85.
5, 17
List the prime factors of 11031.
3, 3677
List the prime factors of 101633.
7, 14519
List the prime factors of 6645.
3, 5, 443
What are the prime factors of 3706?
2, 17, 109
List the prime factors of 2351.
2351
List the prime factors of 83.
83
List the prime factors of 3141.
3, 349
What are the prime factors of 50761?
23, 2207
List the prime factors of 3106.
2, 1553
What are the prime factors of 4313?
19, 227
List the prime factors of 2187.
3
List the prime factors of 16569.
3, 7, 263
List the prime factors of 129.
3, 43
What are the prime factors of 718?
2, 359
List the prime factors of 671.
11, 61
What are the prime factors of 3186?
2, 3, 59
What are the prime factors of 38415?
3, 5, 13, 197
What are the prime factors of 1732?
2, 433
List the prime factors of 40952.
2, 5119
List the prime factors of 2946.
2, 3, 491
What are the prime factors of 19098?
2, 3, 1061
What are the prime factors of 1020?
2, 3, 5, 17
List the prime factors of 14065.
5, 29, 97
What are the prime factors of 38624?
2, 17, 71
List the prime factors of 464.
2, 29
What are the prime factors of 55560?
2, 3, 5, 463
List the prime factors of 4304.
2, 269
What are the prime factors of 4700?
2, 5, 47
List the prime factors of 1063.
1063
List the prime factors of 1822.
2, 911
What are the prime factors of 55556?
2, 17, 19, 43
What are the prime factors of 259?
7, 37
List the prime factors of 4371.
3, 31, 47
List the prime factors of 742.
2, 7, 53
What are the prime factors of 8106?
2, 3, 7, 193
List the prime factors of 9360.
2, 3, 5, 13
List the prime factors of 623.
7, 89
List the prime factors of 621.
3, 23
What are the prime factors of 644?
2, 7, 23
List the prime factors of 83286.
2, 3, 7, 661
List the prime factors of 128.
2
What are the prime factors of 1934?
2, 967
What are the prime factors of 2123?
11, 193
List the prime factors of 6811.
7, 139
What are the prime factors of 1659?
3, 7, 79
What are the prime factors of 5578?
2, 2789
List the prime factors of 24690.
2, 3, 5, 823
What are the prime factors of 155058?
2, 3, 43, 601
What are the prime factors of 19943?
7, 11, 37
List the prime factors of 20976.
2, 3, 19, 23
List the prime factors of 26248.
2, 17, 193
List the prime factors of 583.
11, 53
List the prime factors of 2181.
3, 727
List the prime factors of 7284.
2, 3, 607
List the prime factors of 8241.
3, 41, 67
What are the prime factors of 11459?
7, 1637
What are the prime factors of 1513?
17, 89
List the prime factors of 17285.
5, 3457
List the prime factors of 1276.
2, 11, 29
List the prime factors of 233.
233
What are the prime factors of 31493?
7, 11, 409
What are the prime factors of 61304?
2, 79, 97
What are the prime factors of 3640?
2, 5, 7, 13
List the prime factors of 2541.
3, 7, 11
What are the prime factors of 1943?
29, 67
What are the prime factors of 8115?
3, 5, 541
List the prime factors of 415.
5, 83
List the prime factors of 33591.
3, 11197
What are the prime factors of 519?
3, 173
What are the prime factors of 595?
5, 7, 17
What are the prime factors of 42095?
5, 8419
List the prime factors of 37877.
7, 773
List the prime factors of 34278.
2, 3, 29, 197
What are the prime factors of 8958?
2, 3, 1493
List the prime factors of 2144.
2, 67
List the prime factors of 1291.
1291
List the prime factors of 836.
2, 11, 19
List the prime factors of 1435.
5, 7, 41
What are the prime factors of 754?
2, 13, 29
List the prime factors of 1128.
2, 3, 47
What are the prime factors of 56659?
56659
List the prime factors of 1738.
2, 11, 79
List the prime factors of 1922.
2, 31
List the prime factors of 3393.
3, 13, 29
List the prime factors of 38274.
2, 3, 6379
What are the prime factors of 114987?
3, 38329
What are the prime factors of 52426?
2, 11, 2383
List the prime factors of 27190.
2, 5, 2719
What are the prime factors of 5009?
5009
List the prime factors of 304.
2, 19
What are the